er when g is divided by s?
2
Suppose -4*l + 3560 = 2*p, -338*p - 3554 = -4*l - 341*p. Calculate the remainder when l is divided by 154.
123
Suppose -3*r + 32 = -2*r. Let v(p) = -42*p - 59 - 41*p - 45*p + 138*p. Calculate the remainder when r is divided by v(7).
10
Suppose i = 4, 81*h - 85*h + 144 = 3*i. Suppose -904 = -z - 71. Suppose 5*r - z = -188. Calculate the remainder when r is divided by h.
30
Let r = -84 - -139. Suppose -128 = -4*y - 4*u, 3*y - 8 = 3*u + 106. Let v(t) = t**3 - 34*t**2 - 33*t - 56. Calculate the remainder when r is divided by v(y).
13
What is the remainder when ((414/(-7))/(-23))/(2/84) is divided by 51?
6
Let q(b) = b + 46. Let n be q(-2). Suppose -15*x + n*x - 783 = 0. What is the remainder when x is divided by 18?
9
Suppose -3*o - 6828 + 2416 = -11*q, 0 = -4*q - o + 1619. What is the remainder when q is divided by 35?
18
Suppose 4*u - 198 = 2*s, -3*u - 27*s + 28*s = -147. What is the remainder when u is divided by 25?
23
Suppose -65 = -5*l - 3*a, 8 + 17 = l + 3*a. Suppose 27 = -l*u + 7. What is the remainder when 5 is divided by 5/u*(-44)/55?
1
Suppose -957*l + 17280 = -947*l. Calculate the remainder when l is divided by 19.
18
Suppose 142*a = 116*a + 6838. What is the remainder when a is divided by 25?
13
Let x be -219 + (8 - 3) + -9. Let m = x - -305. Calculate the remainder when 409 is divided by m.
81
Suppose -4*g = -n + 11 + 18, 0 = 2*n + 3*g - 47. Suppose -4*i - 127 = n. Let p = -26 - i. What is the remainder when 22 is divided by p?
10
Suppose 0 = -3*s + 5*r - 9*r + 603, -5*r - 1005 = -5*s. What is the remainder when s is divided by 188?
13
Let y = -2029 + 2109. What is the remainder when 559 is divided by y?
79
Let y be (-567180)/243 + 6/81. What is the remainder when 100 is divided by (6/51 - y/102) + 3?
22
Let b(k) = 8*k**2 - 2*k + 2. Suppose 12 = -0*t - 4*t. What is the remainder when b(t) is divided by 42?
38
Let u(f) = 2*f**2 - 6*f + 5. Let a be u(3). Suppose -10*b + a*b = 4*o - 92, 2*b = -o + 35. What is the remainder when 30 is divided by b?
14
Let c(o) = -o**3 + 9*o**2 - 3*o + 22. Let a be c(9). Calculate the remainder when 72 is divided by 0/(-1) + 0 + (-15)/a.
0
Let b(w) = -7*w - 46 + 44 + 9*w + 8*w. Calculate the remainder when 112 is divided by b(6).
54
Suppose 58 = -267*h + 325. Suppose 0 = 2*y - 2 - 0. Calculate the remainder when ((-104)/(-4))/(2*y)*h is divided by 7.
6
Let y = 5297 + -5234. Let v = 68 + -36. What is the remainder when y is divided by v?
31
Suppose w - 34 = -5*t, w - 2*t = -3*w + 48. Calculate the remainder when 3*((-9)/((-27)/62) + -4) is divided by w.
8
Suppose 59 = p + 2. Calculate the remainder when p is divided by (-91117)/(-5590) + 14/20 + -1.
9
Let f be (-1 + 3)*(-276)/48*-2. Suppose 0 = z - 0*r - 5*r - f, r = -z + 53. Calculate the remainder when 84 is divided by z.
36
Let c(t) = -t**2 - t + 33. Let o be c(-12). Let h = o - -104. Suppose h*q - 662 = d, 2*q + 3*d - 254 = -2*d. Calculate the remainder when q is divided by 27.
24
Calculate the remainder when 1689 is divided by (-9702)/(-660) - (-9)/30.
9
Let r be (0 + -4)*1/2. Let f(k) = -116*k**2 - 196*k + 15. Let b be f(-8). What is the remainder when b/(-63) + r/(-7) is divided by 8?
5
Let u(v) = v**3 + 60*v**2 - 1804*v + 64. Calculate the remainder when u(-82) is divided by 40.
24
Suppose 0 = 59*o + 215 - 746. Calculate the remainder when 74 is divided by o.
2
Suppose 771 = -14*v - 14*v + 1975. Calculate the remainder when 76 is divided by v.
33
Let y = -78 + 580. Let c = 530 - y. What is the remainder when c is divided by 20?
8
Suppose 6 = 28*c - 25*c. Suppose m = 4*h - 33, h + 2*m = -c*m + 21. What is the remainder when 17 is divided by h?
8
Let j = 6466 - 5342. Calculate the remainder when j is divided by 38.
22
Suppose -867*h + 865*h = -54. What is the remainder when h - ((-133)/49 - (-2)/(-7)) is divided by (-24)/1*10/(-15)?
14
Suppose -b = -69*y + 65*y - 695, -2 = -y. Calculate the remainder when b is divided by 234.
1
Suppose -3*h - 20577 = 52*q - 56*q, -2*h = 2*q - 10264. What is the remainder when q is divided by 53?
51
Let w be (-4)/10 - -2817*(-4)/(-20). Let c = 827 - w. Calculate the remainder when c is divided by 53.
52
Suppose 35*v + 40*v - 138320 = 10*v. Calculate the remainder when v is divided by 5.
3
Suppose -4*n = -9*n + 345. Let q = n + -66. Suppose -2*z + q = 3*k, 0*k - 5*k = -2*z + 27. What is the remainder when 6 is divided by z?
0
Let x(w) = w + 17. Let a = -545 - -540. Calculate the remainder when 0 + 3 + 66 + a + 1 is divided by x(0).
14
Suppose -4*p + 47 = -a, 3*p = 2*a + 3*a + 31. Suppose 9*l - p*l + 423 = 0. Calculate the remainder when l is divided by 37.
30
Suppose 24*o - 1347 + 85 - 634 = 0. What is the remainder when o is divided by 58?
21
Suppose 0 = -965*o + 1025*o - 2460. Calculate the remainder when 1188 is divided by o.
40
Suppose -59*i + 132337 + 27612 = 0. What is the remainder when i is divided by 113?
112
Suppose -5*b = j - 47, -j - 3*j - 4*b + 156 = 0. Calculate the remainder when j is divided by (-3)/(1/(34/2 + -24)).
16
Calculate the remainder when (-8 + (-174)/(-27))/((-4)/18) - -1410 is divided by 37.
11
Let a = -143 + -95. Let o = a + 267. What is the remainder when o is divided by 11?
7
Suppose 0 = -54*f - 50*f + 272846 - 62662. Calculate the remainder when f is divided by 15.
11
Let r = -14 + 454. Suppose -16*q = -5*q - r. Calculate the remainder when q is divided by 15.
10
Suppose -37*r + 5686 = 2368 - 3416. Calculate the remainder when 472 is divided by r.
108
Let a = 4247 - 4243. What is the remainder when 42 is divided by a?
2
Let t be 5/4 + 81510/104. Let u = 2008 - t. What is the remainder when u is divided by 35?
33
Let s = 1 + 10. Let g(a) = 13*a - 10. Suppose 41*r - 18 = 32*r. Calculate the remainder when g(r) is divided by s.
5
Suppose -1011 = -7*g + 522. Suppose -7*v + 6*v + g = 0. Suppose h = -2*h + v. Calculate the remainder when h is divided by 19.
16
Let s be (-2244)/(-55)*(-15)/(-6). Suppose 96*h + 1278 = s*h. Calculate the remainder when h is divided by 67.
12
Let z = -193 + 294. Suppose -3*d = -2*n + 65 + 60, 0 = d - 3*n + 37. Let f = d + z. Calculate the remainder when f is divided by 10.
8
Let f(h) = 1317*h + 133. What is the remainder when f(5) is divided by 210?
208
Suppose 3*y + 18 = 0, 5*v - 12175 = 180*y - 185*y. Calculate the remainder when v is divided by 35.
26
Let b(a) = -3*a**3 - 7*a**2 + 12*a + 35. Let m be b(-6). Let t = m + -223. What is the remainder when t is divided by 37?
25
Let p(m) = 3*m + 19. Let s be p(-5). What is the remainder when 44 is divided by s/((-4)/(-5)) + 17?
0
Let o be 75/30*(-4)/(-5) - -2. Suppose 0 = -o*s + 291 - 143. What is the remainder when 404 is divided by s?
34
Let p(z) = -16*z + 74. Let h be p(0). Suppose 256 - h = 7*a. Calculate the remainder when 102 is divided by a.
24
Let w = 698 + -341. Suppose 3*a + w = -5*x, -x + 2*a - 53 = -2*a. Let y = x - -82. Calculate the remainder when 25 is divided by y.
12
Suppose 5*z = 4*u - 2465, -21*u + 2445 = -17*u - z. Calculate the remainder when u is divided by 158.
136
Suppose 5*l - 5*c - 37 = 73, -3*c + 130 = 4*l. Calculate the remainder when 296 is divided by l.
16
Let z = -4155 - -4187. Calculate the remainder when z is divided by 18.
14
Let v = 1593 - 1582. What is the remainder when 601 is divided by v?
7
Let p = -1886 + 2051. Calculate the remainder when p is divided by 70.
25
Suppose -601 = -3*d + 2. Let s = 16 - 16. Suppose s = -5*j + 3*o + 155, 2*j - 2*o - 67 = -9. Calculate the remainder when d is divided by j.
31
Calculate the remainder when 254 is divided by ((-38 + -4)/(-6))/((-18)/(-306)).
16
Calculate the remainder when 109 is divided by (11157/(-18595))/((-1)/(-175)*-3).
4
Suppose 4*g = -3*h + 156, g = -2*h + 4*h - 93. Let w be ((-8)/6)/(h/(-72)). What is the remainder when 17 is divided by (154/4)/7*w?
6
What is the remainder when 1/(0 + 6 + -5) + (-193)/(-1) is divided by 14?
12
Suppose 14*w + 156 - 620 - 1006 = 0. Let i(d) = 3*d**2 - 18*d - 10. Calculate the remainder when w is divided by i(8).
29
Let g be (-6)/18 + 25/3. Let c = 38 + g. Let q(i) = -8*i - 100. What is the remainder when c is divided by q(-14)?
10
Let c(x) = -x**2 - 353*x + 700. Calculate the remainder when c(0) is divided by 173.
8
Let v = 14930 + -14863. What is the remainder w